{"id":16695,"date":"2019-05-21T07:38:17","date_gmt":"2019-05-21T07:38:17","guid":{"rendered":"https:\/\/www.alternativ.be\/produit\/plus\/"},"modified":"2019-06-07T08:19:29","modified_gmt":"2019-06-07T08:19:29","slug":"plus","status":"publish","type":"produit","link":"https:\/\/www.alternativ.be\/nl\/producten\/plus\/","title":{"rendered":"Plus"},"content":{"rendered":"<h2>Waarom zou u \u00e9\u00e9n enkele stoel kiezen als u een volledig modulair systeem kunt hebben, dat met de behoeften mee evolueert?<\/h2>\n<p>Of het nu gaat om een <strong>bank<\/strong> met een meer<strong> klassieke stijl<\/strong> voor het <strong>bureau<\/strong>, of een aantal eilanden voor <strong>lounges<\/strong>, de PLUS-collectie, die zich onderscheidt door haar zachte vormen en maximale <strong>modulariteit<\/strong>, staat in het teken van <strong>comfort<\/strong> en<strong> sobere elegantie<\/strong>.<\/p>\n<p>&nbsp;<\/p>\n","protected":false},"excerpt":{"rendered":"<p>Waarom zou u \u00e9\u00e9n enkele stoel kiezen als u een volledig modulair systeem kunt hebben, dat met de behoeften mee evolueert? Of het nu gaat om een bank met een meer klassieke stijl voor het bureau, of een aantal eilanden voor lounges, de PLUS-collectie, die zich onderscheidt door haar zachte vormen en maximale modulariteit, staat \u2026<\/p>\n","protected":false},"featured_media":13283,"parent":0,"menu_order":406,"template":"","meta":[],"marques":[171],"types":[122,133],"acf":[],"yoast_head":"<!-- This site is optimized with the Yoast SEO Premium plugin v18.0 (Yoast SEO v18.1) - https:\/\/yoast.com\/wordpress\/plugins\/seo\/ -->\n<title>Plus - Alternativ La Palma - Canap\u00e9s Modulaires Complets<\/title>\n<meta name=\"description\" content=\"Plus est un syst\u00e8me modulaire complet, qui \u00e9volue avec les besoins, tel que un canap\u00e9 classique pour le bureau ou plusieurs \u00eelots pour les espaces lounge.\" \/>\n<meta name=\"robots\" content=\"index, follow, max-snippet:-1, max-image-preview:large, max-video-preview:-1\" \/>\n<link rel=\"canonical\" href=\"https:\/\/www.alternativ.be\/nl\/producten\/plus\/\" \/>\n<meta property=\"og:locale\" content=\"nl_NL\" \/>\n<meta property=\"og:type\" content=\"article\" \/>\n<meta property=\"og:title\" content=\"Plus\" \/>\n<meta property=\"og:description\" content=\"Plus est un syst\u00e8me modulaire complet, qui \u00e9volue avec les besoins, tel que un canap\u00e9 classique pour le bureau ou plusieurs \u00eelots pour les espaces lounge.\" \/>\n<meta property=\"og:url\" content=\"https:\/\/www.alternativ.be\/nl\/producten\/plus\/\" \/>\n<meta property=\"og:site_name\" content=\"Alternativ\" \/>\n<meta property=\"article:publisher\" content=\"https:\/\/www.facebook.com\/alternativ.be\/\" \/>\n<meta property=\"article:modified_time\" content=\"2019-06-07T08:19:29+00:00\" \/>\n<meta property=\"og:image\" content=\"https:\/\/www.alternativ.be\/wp-content\/uploads\/2019\/05\/La-Palma-Plus-6.png\" \/>\n\t<meta property=\"og:image:width\" content=\"1920\" \/>\n\t<meta property=\"og:image:height\" content=\"1050\" \/>\n\t<meta property=\"og:image:type\" content=\"image\/png\" \/>\n<meta name=\"twitter:card\" content=\"summary_large_image\" \/>\n<meta name=\"twitter:site\" content=\"@ALTERNATIV1050\" \/>\n<script type=\"application\/ld+json\" class=\"yoast-schema-graph\">{\"@context\":\"https:\/\/schema.org\",\"@graph\":[{\"@type\":\"Organization\",\"@id\":\"https:\/\/www.alternativ.be\/#organization\",\"name\":\"Alternativ\",\"url\":\"https:\/\/www.alternativ.be\/\",\"sameAs\":[\"https:\/\/www.facebook.com\/alternativ.be\/\",\"https:\/\/www.instagram.com\/alternativ.be\/\",\"https:\/\/www.linkedin.com\/company\/alternativ-furniture-solutions\/\",\"https:\/\/www.pinterest.fr\/alternativbxl\/\",\"https:\/\/twitter.com\/ALTERNATIV1050\"],\"logo\":{\"@type\":\"ImageObject\",\"@id\":\"https:\/\/www.alternativ.be\/#logo\",\"inLanguage\":\"nl\",\"url\":\"https:\/\/www.alternativ.be\/wp-content\/uploads\/2019\/05\/alternativ-logo-red.png\",\"contentUrl\":\"https:\/\/www.alternativ.be\/wp-content\/uploads\/2019\/05\/alternativ-logo-red.png\",\"width\":\"246\",\"height\":\"36\",\"caption\":\"Alternativ\"},\"image\":{\"@id\":\"https:\/\/www.alternativ.be\/#logo\"}},{\"@type\":\"WebSite\",\"@id\":\"https:\/\/www.alternativ.be\/#website\",\"url\":\"https:\/\/www.alternativ.be\/\",\"name\":\"Alternativ\",\"description\":\"Am\u00e9nagement et r\u00e9novation de bureau professionnel\",\"publisher\":{\"@id\":\"https:\/\/www.alternativ.be\/#organization\"},\"potentialAction\":[{\"@type\":\"SearchAction\",\"target\":{\"@type\":\"EntryPoint\",\"urlTemplate\":\"https:\/\/www.alternativ.be\/?s={search_term_string}\"},\"query-input\":\"required name=search_term_string\"}],\"inLanguage\":\"nl\"},{\"@type\":\"ImageObject\",\"@id\":\"https:\/\/www.alternativ.be\/nl\/producten\/plus\/#primaryimage\",\"inLanguage\":\"nl\",\"url\":\"https:\/\/www.alternativ.be\/wp-content\/uploads\/2019\/05\/La-Palma-Plus-6.png\",\"contentUrl\":\"https:\/\/www.alternativ.be\/wp-content\/uploads\/2019\/05\/La-Palma-Plus-6.png\",\"width\":1920,\"height\":1050},{\"@type\":\"WebPage\",\"@id\":\"https:\/\/www.alternativ.be\/nl\/producten\/plus\/#webpage\",\"url\":\"https:\/\/www.alternativ.be\/nl\/producten\/plus\/\",\"name\":\"Plus - Alternativ La Palma - Canap\u00e9s Modulaires Complets\",\"isPartOf\":{\"@id\":\"https:\/\/www.alternativ.be\/#website\"},\"primaryImageOfPage\":{\"@id\":\"https:\/\/www.alternativ.be\/nl\/producten\/plus\/#primaryimage\"},\"datePublished\":\"2019-05-21T07:38:17+00:00\",\"dateModified\":\"2019-06-07T08:19:29+00:00\",\"description\":\"Plus est un syst\u00e8me modulaire complet, qui \u00e9volue avec les besoins, tel que un canap\u00e9 classique pour le bureau ou plusieurs \u00eelots pour les espaces lounge.\",\"breadcrumb\":{\"@id\":\"https:\/\/www.alternativ.be\/nl\/producten\/plus\/#breadcrumb\"},\"inLanguage\":\"nl\",\"potentialAction\":[{\"@type\":\"ReadAction\",\"target\":[\"https:\/\/www.alternativ.be\/nl\/producten\/plus\/\"]}]},{\"@type\":\"BreadcrumbList\",\"@id\":\"https:\/\/www.alternativ.be\/nl\/producten\/plus\/#breadcrumb\",\"itemListElement\":[{\"@type\":\"ListItem\",\"position\":1,\"name\":\"Home\",\"item\":\"https:\/\/www.alternativ.be\/nl\/\"},{\"@type\":\"ListItem\",\"position\":2,\"name\":\"producten\",\"item\":\"https:\/\/www.alternativ.be\/nl\/producten\/\"},{\"@type\":\"ListItem\",\"position\":3,\"name\":\"Plus\"}]}]}<\/script>\n<!-- \/ Yoast SEO Premium plugin. -->","yoast_head_json":{"title":"Plus - Alternativ La Palma - Canap\u00e9s Modulaires Complets","description":"Plus est un syst\u00e8me modulaire complet, qui \u00e9volue avec les besoins, tel que un canap\u00e9 classique pour le bureau ou plusieurs \u00eelots pour les espaces lounge.","robots":{"index":"index","follow":"follow","max-snippet":"max-snippet:-1","max-image-preview":"max-image-preview:large","max-video-preview":"max-video-preview:-1"},"canonical":"https:\/\/www.alternativ.be\/nl\/producten\/plus\/","og_locale":"nl_NL","og_type":"article","og_title":"Plus","og_description":"Plus est un syst\u00e8me modulaire complet, qui \u00e9volue avec les besoins, tel que un canap\u00e9 classique pour le bureau ou plusieurs \u00eelots pour les espaces lounge.","og_url":"https:\/\/www.alternativ.be\/nl\/producten\/plus\/","og_site_name":"Alternativ","article_publisher":"https:\/\/www.facebook.com\/alternativ.be\/","article_modified_time":"2019-06-07T08:19:29+00:00","og_image":[{"width":1920,"height":1050,"url":"https:\/\/www.alternativ.be\/wp-content\/uploads\/2019\/05\/La-Palma-Plus-6.png","type":"image\/png"}],"twitter_card":"summary_large_image","twitter_site":"@ALTERNATIV1050","schema":{"@context":"https:\/\/schema.org","@graph":[{"@type":"Organization","@id":"https:\/\/www.alternativ.be\/#organization","name":"Alternativ","url":"https:\/\/www.alternativ.be\/","sameAs":["https:\/\/www.facebook.com\/alternativ.be\/","https:\/\/www.instagram.com\/alternativ.be\/","https:\/\/www.linkedin.com\/company\/alternativ-furniture-solutions\/","https:\/\/www.pinterest.fr\/alternativbxl\/","https:\/\/twitter.com\/ALTERNATIV1050"],"logo":{"@type":"ImageObject","@id":"https:\/\/www.alternativ.be\/#logo","inLanguage":"nl","url":"https:\/\/www.alternativ.be\/wp-content\/uploads\/2019\/05\/alternativ-logo-red.png","contentUrl":"https:\/\/www.alternativ.be\/wp-content\/uploads\/2019\/05\/alternativ-logo-red.png","width":"246","height":"36","caption":"Alternativ"},"image":{"@id":"https:\/\/www.alternativ.be\/#logo"}},{"@type":"WebSite","@id":"https:\/\/www.alternativ.be\/#website","url":"https:\/\/www.alternativ.be\/","name":"Alternativ","description":"Am\u00e9nagement et r\u00e9novation de bureau professionnel","publisher":{"@id":"https:\/\/www.alternativ.be\/#organization"},"potentialAction":[{"@type":"SearchAction","target":{"@type":"EntryPoint","urlTemplate":"https:\/\/www.alternativ.be\/?s={search_term_string}"},"query-input":"required name=search_term_string"}],"inLanguage":"nl"},{"@type":"ImageObject","@id":"https:\/\/www.alternativ.be\/nl\/producten\/plus\/#primaryimage","inLanguage":"nl","url":"https:\/\/www.alternativ.be\/wp-content\/uploads\/2019\/05\/La-Palma-Plus-6.png","contentUrl":"https:\/\/www.alternativ.be\/wp-content\/uploads\/2019\/05\/La-Palma-Plus-6.png","width":1920,"height":1050},{"@type":"WebPage","@id":"https:\/\/www.alternativ.be\/nl\/producten\/plus\/#webpage","url":"https:\/\/www.alternativ.be\/nl\/producten\/plus\/","name":"Plus - Alternativ La Palma - Canap\u00e9s Modulaires Complets","isPartOf":{"@id":"https:\/\/www.alternativ.be\/#website"},"primaryImageOfPage":{"@id":"https:\/\/www.alternativ.be\/nl\/producten\/plus\/#primaryimage"},"datePublished":"2019-05-21T07:38:17+00:00","dateModified":"2019-06-07T08:19:29+00:00","description":"Plus est un syst\u00e8me modulaire complet, qui \u00e9volue avec les besoins, tel que un canap\u00e9 classique pour le bureau ou plusieurs \u00eelots pour les espaces lounge.","breadcrumb":{"@id":"https:\/\/www.alternativ.be\/nl\/producten\/plus\/#breadcrumb"},"inLanguage":"nl","potentialAction":[{"@type":"ReadAction","target":["https:\/\/www.alternativ.be\/nl\/producten\/plus\/"]}]},{"@type":"BreadcrumbList","@id":"https:\/\/www.alternativ.be\/nl\/producten\/plus\/#breadcrumb","itemListElement":[{"@type":"ListItem","position":1,"name":"Home","item":"https:\/\/www.alternativ.be\/nl\/"},{"@type":"ListItem","position":2,"name":"producten","item":"https:\/\/www.alternativ.be\/nl\/producten\/"},{"@type":"ListItem","position":3,"name":"Plus"}]}]}},"_links":{"self":[{"href":"https:\/\/www.alternativ.be\/nl\/wp-json\/wp\/v2\/produit\/16695"}],"collection":[{"href":"https:\/\/www.alternativ.be\/nl\/wp-json\/wp\/v2\/produit"}],"about":[{"href":"https:\/\/www.alternativ.be\/nl\/wp-json\/wp\/v2\/types\/produit"}],"version-history":[{"count":3,"href":"https:\/\/www.alternativ.be\/nl\/wp-json\/wp\/v2\/produit\/16695\/revisions"}],"predecessor-version":[{"id":17302,"href":"https:\/\/www.alternativ.be\/nl\/wp-json\/wp\/v2\/produit\/16695\/revisions\/17302"}],"wp:featuredmedia":[{"embeddable":true,"href":"https:\/\/www.alternativ.be\/nl\/wp-json\/wp\/v2\/media\/13283"}],"wp:attachment":[{"href":"https:\/\/www.alternativ.be\/nl\/wp-json\/wp\/v2\/media?parent=16695"}],"wp:term":[{"taxonomy":"marques","embeddable":true,"href":"https:\/\/www.alternativ.be\/nl\/wp-json\/wp\/v2\/marques?post=16695"},{"taxonomy":"types","embeddable":true,"href":"https:\/\/www.alternativ.be\/nl\/wp-json\/wp\/v2\/types?post=16695"}],"curies":[{"name":"wp","href":"https:\/\/api.w.org\/{rel}","templated":true}]}}

<h2>Waarom zou u één enkele stoel kiezen als u een volledig modulair systeem kunt hebben, dat met de behoeften mee evolueert?</h2>
<p>Of het nu gaat om een <strong>bank</strong> met een meer<strong> klassieke stijl</strong> voor het <strong>bureau</strong>, of een aantal eilanden voor <strong>lounges</strong>, de PLUS-collectie, die zich onderscheidt door haar zachte vormen en maximale <strong>modulariteit</strong>, staat in het teken van <strong>comfort</strong> en<strong> sobere elegantie</strong>.</p>
<p>&nbsp;</p>

<p>Waarom zou u één enkele stoel kiezen als u een volledig modulair systeem kunt hebben, dat met de behoeften mee evolueert? Of het nu gaat om een bank met een meer klassieke stijl voor het bureau, of een aantal eilanden voor lounges, de PLUS-collectie, die zich onderscheidt door haar zachte vormen en maximale modulariteit, staat …</p>

<!-- This site is optimized with the Yoast SEO Premium plugin v18.0 (Yoast SEO v18.1) - https://yoast.com/wordpress/plugins/seo/ -->
<title>Plus - Alternativ La Palma - Canapés Modulaires Complets</title>
<meta name="description" content="Plus est un système modulaire complet, qui évolue avec les besoins, tel que un canapé classique pour le bureau ou plusieurs îlots pour les espaces lounge." />
<meta name="robots" content="index, follow, max-snippet:-1, max-image-preview:large, max-video-preview:-1" />
<link rel="canonical" href="https://www.alternativ.be/nl/producten/plus/" />
<meta property="og:locale" content="nl_NL" />
<meta property="og:type" content="article" />
<meta property="og:title" content="Plus" />
<meta property="og:description" content="Plus est un système modulaire complet, qui évolue avec les besoins, tel que un canapé classique pour le bureau ou plusieurs îlots pour les espaces lounge." />
<meta property="og:url" content="https://www.alternativ.be/nl/producten/plus/" />
<meta property="og:site_name" content="Alternativ" />
<meta property="article:publisher" content="https://www.facebook.com/alternativ.be/" />
<meta property="article:modified_time" content="2019-06-07T08:19:29+00:00" />
<meta property="og:image" content="https://www.alternativ.be/wp-content/uploads/2019/05/La-Palma-Plus-6.png" />
	<meta property="og:image:width" content="1920" />
	<meta property="og:image:height" content="1050" />
	<meta property="og:image:type" content="image/png" />
<meta name="twitter:card" content="summary_large_image" />
<meta name="twitter:site" content="@ALTERNATIV1050" />
<script type="application/ld+json" class="yoast-schema-graph">{"@context":"https://schema.org","@graph":[{"@type":"Organization","@id":"https://www.alternativ.be/#organization","name":"Alternativ","url":"https://www.alternativ.be/","sameAs":["https://www.facebook.com/alternativ.be/","https://www.instagram.com/alternativ.be/","https://www.linkedin.com/company/alternativ-furniture-solutions/","https://www.pinterest.fr/alternativbxl/","https://twitter.com/ALTERNATIV1050"],"logo":{"@type":"ImageObject","@id":"https://www.alternativ.be/#logo","inLanguage":"nl","url":"https://www.alternativ.be/wp-content/uploads/2019/05/alternativ-logo-red.png","contentUrl":"https://www.alternativ.be/wp-content/uploads/2019/05/alternativ-logo-red.png","width":"246","height":"36","caption":"Alternativ"},"image":{"@id":"https://www.alternativ.be/#logo"}},{"@type":"WebSite","@id":"https://www.alternativ.be/#website","url":"https://www.alternativ.be/","name":"Alternativ","description":"Aménagement et rénovation de bureau professionnel","publisher":{"@id":"https://www.alternativ.be/#organization"},"potentialAction":[{"@type":"SearchAction","target":{"@type":"EntryPoint","urlTemplate":"https://www.alternativ.be/?s={search_term_string}"},"query-input":"required name=search_term_string"}],"inLanguage":"nl"},{"@type":"ImageObject","@id":"https://www.alternativ.be/nl/producten/plus/#primaryimage","inLanguage":"nl","url":"https://www.alternativ.be/wp-content/uploads/2019/05/La-Palma-Plus-6.png","contentUrl":"https://www.alternativ.be/wp-content/uploads/2019/05/La-Palma-Plus-6.png","width":1920,"height":1050},{"@type":"WebPage","@id":"https://www.alternativ.be/nl/producten/plus/#webpage","url":"https://www.alternativ.be/nl/producten/plus/","name":"Plus - Alternativ La Palma - Canapés Modulaires Complets","isPartOf":{"@id":"https://www.alternativ.be/#website"},"primaryImageOfPage":{"@id":"https://www.alternativ.be/nl/producten/plus/#primaryimage"},"datePublished":"2019-05-21T07:38:17+00:00","dateModified":"2019-06-07T08:19:29+00:00","description":"Plus est un système modulaire complet, qui évolue avec les besoins, tel que un canapé classique pour le bureau ou plusieurs îlots pour les espaces lounge.","breadcrumb":{"@id":"https://www.alternativ.be/nl/producten/plus/#breadcrumb"},"inLanguage":"nl","potentialAction":[{"@type":"ReadAction","target":["https://www.alternativ.be/nl/producten/plus/"]}]},{"@type":"BreadcrumbList","@id":"https://www.alternativ.be/nl/producten/plus/#breadcrumb","itemListElement":[{"@type":"ListItem","position":1,"name":"Home","item":"https://www.alternativ.be/nl/"},{"@type":"ListItem","position":2,"name":"producten","item":"https://www.alternativ.be/nl/producten/"},{"@type":"ListItem","position":3,"name":"Plus"}]}]}</script>
<!-- / Yoast SEO Premium plugin. -->

Plus - Alternativ La Palma - Canapés Modulaires Complets

Plus est un système modulaire complet, qui évolue avec les besoins, tel que un canapé classique pour le bureau ou plusieurs îlots pour les espaces lounge.

Aménagement et rénovation de bureau professionnel
